d 10.
10
Let a = -15 - -15. Suppose a = -5*f + f. Suppose f = 4*z - 3*j - 80, -2*j = -5*z + 44 + 49. Calculate the greatest common factor of z and 85.
17
Suppose -2*l = 11 + 63. Let b = 59 + l. Calculate the highest common divisor of 33 and b.
11
Let f = -1 + 4. Let p(g) = g**3 - g**2 - 4*g - 1. Let a be p(f). Let h = 12 - 7. Calculate the greatest common divisor of a and h.
5
Let z be (-28 + -1)/(-1*4/36). What is the highest common divisor of 9 and z?
9
Let k = 130 - 67. Suppose 15 = 12*b - 15*b, 5*b + 60 = 5*m. What is the highest common factor of k and m?
7
Suppose -28*s = -27*s - 19. Calculate the highest common divisor of 513 and s.
19
Suppose 57 = -0*y + 3*y. Let o be (3 + -4)/(1/(-508)). Suppose -6*t + 290 + o = 0. Calculate the highest common factor of y and t.
19
Let g(m) = -m**3 - 2*m**2 + m - 3. Let j be g(-3). Suppose 5*f - 43 = -3*o - 2, j*o - 86 = 4*f. What is the greatest common factor of 11 and o?
11
Let r(k) = -k + 6. Suppose -4*b + 5*b - 4 = 0. Let x be r(b). Let y(t) = t**2 + 4*t + 3. Let q be y(-5). Calculate the greatest common divisor of q and x.
2
Let a = -19 + 15. Let k be -2 + (-12)/a - -13 - 0. What is the highest common factor of 56 and k?
14
Let m be 3 + 563/11 - (-16)/(-88). What is the highest common divisor of m and 126?
18
Suppose -8*k - 656 + 1328 = 0. Calculate the highest common factor of 6 and k.
6
Suppose 12 = 2*s - 0*s. Suppose 0*k + 3*u + 114 = 3*k, 0 = -k + 4*u + 44. Calculate the greatest common divisor of k and s.
6
Suppose 46*r - 4248 = 904. What is the greatest common divisor of 42 and r?
14
Let r(y) = 6*y - 11. Let k(b) = -5*b + 12. Let c(o) = 5*k(o) + 4*r(o). Let s = 22 + -15. Let q be c(s). Calculate the highest common divisor of 3 and q.
3
Let s(d) = d**2 + 3*d**2 - 3 - 8*d - 5*d**2. Let n be s(-4). Let h be (-78)/(-45)*-6*2*-5. What is the greatest common divisor of n and h?
13
Suppose 11*f - 1389 = 536. Calculate the greatest common divisor of f and 125.
25
Suppose 15*x + 21*x - 4968 = 0. What is the greatest common factor of 184 and x?
46
Suppose 127*d + 1560 = 131*d. What is the greatest common divisor of 156 and d?
78
Let m(v) = -2*v**3 - 36*v**2 + 38*v + 18. Let r be m(-19). Calculate the greatest common divisor of 4 and r.
2
Suppose -s + 10 = -20. What is the greatest common divisor of s and 930?
30
Let p(r) = -3*r - 83. Let n be p(-31). Let c be (n/3 - 3)*36. Calculate the highest common divisor of c and 396.
12
Suppose -14*t = -291 + 11. What is the greatest common divisor of 30 and t?
10
Suppose -13*a = -7*a - 144. Calculate the greatest common factor of a and 204.
12
Let m(a) be the second derivative of a**4/2 - 5*a**2/2 + 37*a. Let o be m(2). What is the greatest common factor of o and 95?
19
Let x = 615 + -560. Calculate the highest common factor of x and 121.
11
Suppose -2*i = -6*i + 32. Suppose -d + i = d. Let h be ((-2)/d)/(3/(-324)). Calculate the highest common factor of 27 and h.
27
Suppose 99 = 3*v - 90. Let k = -2003 + 2012. What is the highest common factor of v and k?
9
Suppose 2269 = 10*p - 71. Calculate the greatest common divisor of p and 624.
78
Let u be 4/(-16) - (-258)/8. Let o = 0 - -3. Suppose 3*y + k = 21, -5*y - 2*k + 25 = o*k. Calculate the greatest common factor of u and y.
8
Suppose -4 = 11*n - 37. Let z(s) = 10*s + 5. Let a(t) = 40*t + 21. Let i(v) = -2*a(v) + 9*z(v). Let w be i(n). What is the greatest common divisor of w and 3?
3
Let h(o) = -14*o - 12. Let a be h(-5). Suppose -a = 5*j - 198. What is the greatest common divisor of j and 308?
28
Let a(l) = -21*l + 4. Let q(s) = -4*s + 1. Let g(h) = 2*a(h) - 11*q(h). Let k be g(5). Calculate the highest common divisor of 28 and k.
7
Suppose 46*j - 128*j + 328 = 0. What is the highest common divisor of 188 and j?
4
Suppose 2*h + 0*o - 266 = -4*o, -3*h = -4*o - 449. Calculate the greatest common divisor of h and 33.
11
Suppose 1225 - 245 = 7*i. Let r be ((-18)/8)/(4 + i/(-32)). What is the greatest common factor of 12 and r?
6
Let p(l) = l**3 - 9*l**2 + 4*l - 25. Let t be p(9). Let x(c) = 18*c + 18. Let o be x(t). What is the greatest common divisor of o and 24?
24
Let n(d) = -70*d - 68. Let s be n(-5). What is the greatest common divisor of 188 and s?
94
Let x be (-12)/(-20) - (-18)/(-5). Let u be x + 5 - -3*1. Let c(g) = 5*g - 25. Let o be c(13). Calculate the greatest common divisor of o and u.
5
Let f(g) = 5*g + 78. Let a be f(4). Calculate the greatest common divisor of a and 28.
14
Suppose -2*a = -5*d - 9, 2*a + 3 = -3*d + 4. Suppose 447 = 5*b - 3*u, a*u + 88 = b - 0*u. What is the greatest common divisor of b and 60?
30
Let t(o) = -43*o - 7. Let p be t(-3). Suppose -4*k = -2*c - 0*k + p, 3*c - 2*k = 191. What is the highest common factor of c and 13?
13
Suppose -69*q = -67*q - 176. Suppose -3*u + q = 2*a, -7*u + 146 = -2*u + 3*a. Calculate the greatest common divisor of 252 and u.
28
Suppose 4*u - 295 = -5*g, 0 = -5*g - 4*u + 6*u + 325. What is the greatest common factor of 126 and g?
63
Let d(b) = -2*b**2 + 2*b + 1. Let w be d(-5). Let k = 92 + w. Calculate the greatest common divisor of 11 and k.
11
Let k = -599 + 639. Let u be 0/(-2) - (-12 - -2). What is the greatest common divisor of u and k?
10
Let b(k) = -5*k**3 + 14*k**2 + k - 3. Let y be b(2). Calculate the greatest common factor of y and 1065.
15
Let m(l) = -7*l**3 - 3*l**2 - 4*l - 5. Let s be m(-2). Suppose 4*i = -3*z + s, 3*i - 49 + 13 = -2*z. What is the greatest common factor of 7 and i?
7
Suppose -s - 5*k + 6 = 7, -4*s + 2*k - 26 = 0. Let a be (3/s)/(-1)*(2 + 0). Calculate the greatest common factor of 13 and a.
1
Let g be 122 - ((-8)/(-5) - 2/(-5)). Calculate the highest common factor of 30 and g.
30
Let z be 8/10 + -3 + (-944)/(-20). Calculate the highest common factor of 255 and z.
15
Suppose -5*p + 12 = -93. Suppose 392 = 4*m + 3*m. Let n = -42 + m. What is the highest common factor of n and p?
7
Suppose 5*l = 3*t - 6*t + 853, -5*t = -5*l - 1355. Suppose -t = -5*b - 56. What is the greatest common factor of b and 4?
4
Let z be 25 + (-5 + (-3 - -6) - -2). Let m = 449 + -174. Calculate the highest common divisor of m and z.
25
Let t = 95 + -55. Let i = -16 + t. Suppose i = 4*u + 8. Calculate the highest common factor of u and 12.
4
Let r(d) = -d**2 - 19*d - 22. Let p be r(-17). Let s = p + -7. Suppose -60 = -7*b + s*b. What is the greatest common divisor of 75 and b?
15
Let b = 991 - 989. Let m(w) = -2*w**3 - 2*w**2 - 2*w - 1. Let r be m(-1). What is the greatest common divisor of b and r?
1
Suppose -4*x = -5*x - 4*y + 45, 2*y - 135 = -5*x. What is the greatest common factor of x and 5?
5
Let z = 16 + -4. Suppose -4*b - 12 = 2*h - 4*h, h = 5*b + z. Suppose h*q - 11 = -2*j + 3*j, -j - 26 = -5*q. Calculate the highest common divisor of 25 and q.
5
Let l = -29 - -32. Suppose -l = -5*u + 52. What is the greatest common factor of u and 22?
11
Let t = -2 - -20. Calculate the greatest common divisor of 288 and t.
18
Let a(h) = h**2 + 4*h - 5. Let x be a(-7). Let n = -83 + 91. Calculate the highest common factor of x and n.
8
Suppose -182 = -5*y + 2*o, 2*y - o = o + 74. Suppose 9*r + 125 = 161. Calculate the greatest common divisor of y and r.
4
Let o be 1*1490/(-25) - (-2)/(-5). Let u = o - -71. What is the highest common factor of 22 and u?
11
Let a be (-71 + 68 - 603/(-1)) + 3. Calculate the greatest common divisor of 63 and a.
9
Let m be 15 - (1/(-1) + 2). Suppose -81*u - 5096 = -185*u. Calculate the greatest common factor of u and m.
7
Suppose -5*h = -4*j + 951, 288 = -4*j - h + 1221. Calculate the greatest common factor of 18 and j.
18
Let n be (-3)/18 - 22/12. Let b be n - ((-4)/2 + 2 + -122). What is the greatest common factor of 20 and b?
20
Suppose q = -5*f + 265, 3*f + 191 = 7*f + 5*q. What is the greatest common factor of f and 378?
54
Suppose v - 2*x - 41 = 141, v + 3*x = 207. Let r be 5/((-25)/v)*-5. Calculate the greatest common divisor of r and 24.
24
Suppose s + 0*u + 16 = -u, 0 = -5*u - 20. Let d be (-430)/(-8) - (15/s)/5. What is the highest common factor of 81 and d?
27
Suppose -5*v - 3*z = -840, 2*v = -0*v - z + 336. What is the highest common factor of v and 96?
24
Let o(j) = -2*j**3 - 7*j**2 + 5*j + 16. Let d be o(-6). Calculate the highest common divisor of d and 1411.
83
Suppose r = 5*q - 8, 3*q = 2*r + r. Let u(b) =